{"id":342,"date":"2017-01-18T16:24:05","date_gmt":"2017-01-18T16:24:05","guid":{"rendered":"http:\/\/soluciondigitaldelbajio.com.mx\/site\/producto\/multifuncional-canon-image-runner-ir-1730-remanufacturada\/"},"modified":"2017-02-21T02:49:06","modified_gmt":"2017-02-21T02:49:06","slug":"multifuncional-canon-image-runner-ir-1730-remanufacturada","status":"publish","type":"product","link":"https:\/\/soluciondigitaldelbajio.com.mx\/site\/product\/multifuncional-canon-image-runner-ir-1730-remanufacturada\/","title":{"rendered":"Multifuncional Canon Image Runner IR 1730 Remanufacturada"},"content":{"rendered":"<ul>\n<li>Copiado\/Impresi\u00f3n\/Env\u00edo\/Fax<\/li>\n<li>Impresi\u00f3n Blanco y Negro<\/li>\n<li>Escaneo a color<\/li>\n<li>Tama\u00f1o de papel de hasta 8 1\/2\u2033 x 14\u2033<\/li>\n<li>Resouci\u00f3n de hasta 1200 ppp x 1200 ppp<\/li>\n<li>Memoria RAM de 512 MB<\/li>\n<li><strong>Velocidad impresionante imageRUNNER 1750iF\/1740iF\/1730iF<\/strong><\/li>\n<li>Impresi\u00f3n de hasta 52\/42\/32 ppm (B\/N; Carta)<\/li>\n<li>Escaneo de hasta 52\/52\/32 ipm a 300 ppp (B\/N, Color)<\/li>\n<\/ul>\n","protected":false},"excerpt":{"rendered":"<p>Dise\u00f1ada para satisfacer las necesidades de los grupos de trabajo empresariales y de los negocios de tama\u00f1o peque\u00f1o a mediano, la Serie <strong>imageRUNNER 1700<\/strong> es la soluci\u00f3n multifuncional ideal para la instalaci\u00f3n de equipos individuales y de grupos de equipos.<\/p>\n<p>Los administradores de IT valorar\u00e1n la facilidad para administrar sus sistemas de MFP con la serie de herramientas de Canon, todas dise\u00f1adas para automatizar las operaciones.<\/p>\n<p>Las oficinas remotas y las empresas con grandes implementaciones que requieren una herramienta compacta y poderosa para la producci\u00f3n de documentos, apreciar\u00e1n lo que se puede lograr en la calidad, la confiabilidad, la facilidad de uso y, sobre todo, en la capacidad de direcci\u00f3n con la coherencia empresarial.<\/p>\n<p><strong>Disponible en venta y renta.<\/strong><br \/>\n<strong>Disponible Soporte t\u00e9cnico.<\/strong><\/p>\n[fusion_button link=\"http:\/\/soluciondigitaldelbajio.com.mx\/site\/distribuidor-canon-ricoh-kyocera-oce-san-luis-potosi\/?your-subject=remanufacturada ir1730\" title=\"Solicitar informaci\u00f3n de producto\" target=\"_self\" alignment=\"\" modal=\"\" hide_on_mobile=\"small-visibility,medium-visibility,large-visibility\" class=\"\" id=\"\" color=\"custom\" button_gradient_top_color=\"#0073aa\" button_gradient_bottom_color=\"#025983\" button_gradient_top_color_hover=\"#025983\" button_gradient_bottom_color_hover=\"#0073aa\" accent_color=\"#fff\" accent_hover_color=\"\" type=\"\" bevel_color=\"\" border_width=\"\" size=\"large\" stretch=\"default\" shape=\"\" icon=\"fa-usd\" icon_position=\"left\" icon_divider=\"yes\" animation_type=\"slide\" animation_direction=\"right\" animation_speed=\"0.3\" animation_offset=\"\"]Solicitar Informaci\u00f3n[\/fusion_button]\n","protected":false},"featured_media":343,"comment_status":"closed","ping_status":"closed","template":"","meta":[],"product_cat":[18],"product_tag":[],"class_list":{"0":"post-342","1":"product","2":"type-product","3":"status-publish","4":"has-post-thumbnail","6":"product_cat-copiadoras-multifuncionales-remanufacturados-venta-renta-precios-san-luis-potosi","8":"first","9":"instock","10":"shipping-taxable","11":"product-type-simple"},"aioseo_notices":[],"_links":{"self":[{"href":"https:\/\/soluciondigitaldelbajio.com.mx\/site\/wp-json\/wp\/v2\/product\/342","targetHints":{"allow":["GET"]}}],"collection":[{"href":"https:\/\/soluciondigitaldelbajio.com.mx\/site\/wp-json\/wp\/v2\/product"}],"about":[{"href":"https:\/\/soluciondigitaldelbajio.com.mx\/site\/wp-json\/wp\/v2\/types\/product"}],"replies":[{"embeddable":true,"href":"https:\/\/soluciondigitaldelbajio.com.mx\/site\/wp-json\/wp\/v2\/comments?post=342"}],"wp:featuredmedia":[{"embeddable":true,"href":"https:\/\/soluciondigitaldelbajio.com.mx\/site\/wp-json\/wp\/v2\/media\/343"}],"wp:attachment":[{"href":"https:\/\/soluciondigitaldelbajio.com.mx\/site\/wp-json\/wp\/v2\/media?parent=342"}],"wp:term":[{"taxonomy":"product_cat","embeddable":true,"href":"https:\/\/soluciondigitaldelbajio.com.mx\/site\/wp-json\/wp\/v2\/product_cat?post=342"},{"taxonomy":"product_tag","embeddable":true,"href":"https:\/\/soluciondigitaldelbajio.com.mx\/site\/wp-json\/wp\/v2\/product_tag?post=342"}],"curies":[{"name":"wp","href":"https:\/\/api.w.org\/{rel}","templated":true}]}}