{"id":488,"date":"2015-07-16T16:34:07","date_gmt":"2015-07-16T16:34:07","guid":{"rendered":"http:\/\/1step.com.mx\/?post_type=product&#038;p=272"},"modified":"2017-02-21T15:47:39","modified_gmt":"2017-02-21T15:47:39","slug":"multifuncional-a-color-ricoh-sp-c252sf-precios-mexico","status":"publish","type":"product","link":"https:\/\/soluciondigitaldelbajio.com.mx\/site\/product\/multifuncional-a-color-ricoh-sp-c252sf-precios-mexico\/","title":{"rendered":"Multifuncional RICOH SP C252SF  Carta | Oficio"},"content":{"rendered":"<ul>\n<li>Velocidad de 21 ppm<\/li>\n<li>Resoluci\u00f3n de impresi\u00f3n hasta 2400 x 600 ppp<\/li>\n<li>Memoria: 256 MB RAM<\/li>\n<li>Lenguajes de impresi\u00f3n: PCL 5c, PCL 6, emulaci\u00f3n PostScript 3<\/li>\n<li>Red<\/li>\n<li>Tama\u00f1os de papel: Carta y oficio<\/li>\n<\/ul>\n","protected":false},"excerpt":{"rendered":"<p><strong>Impresora L\u00e1ser a Color, MFP L\u00e1ser a Color<\/strong><\/p>\n<p>Mientras que la empresa avanza m\u00e1s r\u00e1pido, todos estamos utilizando dispositivos m\u00f3viles para mantener el ritmo cambiando la forma en la que trabajamos, y en muchos casos, donde trabajamos. Ricoh contin\u00faa haciendo su parte, con nuevas innovaciones que ofrecen m\u00e1s libertad y agilidad, para que pueda realizar las tareas cotidianas en menos tiempo. \u00bfNecesita compartir documentos r\u00e1pidamente con los compa\u00f1eros de trabajo y los clientes? A\u00f1ada el copiado, escaneo, fax y m\u00e1s con el modelo Ricoh SP C252SF. \u00bfNo cuenta con mucho espacio? Estos dispositivos de escritorio son lo suficientemente peque\u00f1os para caber en espacios reducidos, haci\u00e9ndolos convenientes para las oficinas m\u00e1s peque\u00f1as.<\/p>\n<p><strong>Disponible en venta y renta.<\/strong><br \/>\n<strong>Disponible Soporte t\u00e9cnico y Consumibles.<\/strong><\/p>\n[fusion_button link=\"http:\/\/soluciondigitaldelbajio.com.mx\/site\/distribuidor-canon-ricoh-kyocera-oce-san-luis-potosi\/?your-subject=RICOH SP C252SF\" title=\"Solicitar informaci\u00f3n de producto\" target=\"_self\" alignment=\"\" modal=\"\" hide_on_mobile=\"small-visibility,medium-visibility,large-visibility\" class=\"\" id=\"\" color=\"custom\" button_gradient_top_color=\"#0073aa\" button_gradient_bottom_color=\"#025983\" button_gradient_top_color_hover=\"#025983\" button_gradient_bottom_color_hover=\"#0073aa\" accent_color=\"#fff\" accent_hover_color=\"\" type=\"\" bevel_color=\"\" border_width=\"\" size=\"large\" stretch=\"default\" shape=\"\" icon=\"fa-usd\" icon_position=\"left\" icon_divider=\"yes\" animation_type=\"slide\" animation_direction=\"right\" animation_speed=\"0.3\" animation_offset=\"\"]Solicitar Informaci\u00f3n[\/fusion_button]\n","protected":false},"featured_media":671,"comment_status":"closed","ping_status":"closed","template":"","meta":[],"product_cat":[8],"product_tag":[],"class_list":{"0":"post-488","1":"product","2":"type-product","3":"status-publish","4":"has-post-thumbnail","6":"product_cat-multifuncionales-color","8":"first","9":"instock","10":"shipping-taxable","11":"product-type-simple"},"aioseo_notices":[],"_links":{"self":[{"href":"https:\/\/soluciondigitaldelbajio.com.mx\/site\/wp-json\/wp\/v2\/product\/488","targetHints":{"allow":["GET"]}}],"collection":[{"href":"https:\/\/soluciondigitaldelbajio.com.mx\/site\/wp-json\/wp\/v2\/product"}],"about":[{"href":"https:\/\/soluciondigitaldelbajio.com.mx\/site\/wp-json\/wp\/v2\/types\/product"}],"replies":[{"embeddable":true,"href":"https:\/\/soluciondigitaldelbajio.com.mx\/site\/wp-json\/wp\/v2\/comments?post=488"}],"wp:featuredmedia":[{"embeddable":true,"href":"https:\/\/soluciondigitaldelbajio.com.mx\/site\/wp-json\/wp\/v2\/media\/671"}],"wp:attachment":[{"href":"https:\/\/soluciondigitaldelbajio.com.mx\/site\/wp-json\/wp\/v2\/media?parent=488"}],"wp:term":[{"taxonomy":"product_cat","embeddable":true,"href":"https:\/\/soluciondigitaldelbajio.com.mx\/site\/wp-json\/wp\/v2\/product_cat?post=488"},{"taxonomy":"product_tag","embeddable":true,"href":"https:\/\/soluciondigitaldelbajio.com.mx\/site\/wp-json\/wp\/v2\/product_tag?post=488"}],"curies":[{"name":"wp","href":"https:\/\/api.w.org\/{rel}","templated":true}]}}