{"id":501,"date":"2015-07-20T15:33:10","date_gmt":"2015-07-20T15:33:10","guid":{"rendered":"http:\/\/1step.com.mx\/?post_type=product&#038;p=317"},"modified":"2017-02-21T16:05:21","modified_gmt":"2017-02-21T16:05:21","slug":"duplicador-digital-ricoh-dx-3334-copiadora-impresora-precios-mexico","status":"publish","type":"product","link":"https:\/\/soluciondigitaldelbajio.com.mx\/site\/product\/duplicador-digital-ricoh-dx-3334-copiadora-impresora-precios-mexico\/","title":{"rendered":"Duplicador Digital DX 3334 &#8211; para Medio Volumen"},"content":{"rendered":"<ul>\n<li>Reduce costos de impresi\u00f3n<\/li>\n<li>Tama\u00f1os de papel: m\u00ednimo 3.52&#8243; X 5.5&#8243; y m\u00e1ximo 10.8&#8243; x 15.6&#8243;<\/li>\n<li>Gramaje de papel: 46 a 199 g\/m2<\/li>\n<li>Velocidad de impresi\u00f3n 80\/100\/130 ppm<\/li>\n<li>Resoluci\u00f3n hasta 300 x 400 dpi<\/li>\n<li>Funciones especiales: tres niveles de presi\u00f3n de alimentaci\u00f3n, modo ahorro de energ\u00eda, rotaci\u00f3n de imagen,, repetici\u00f3n de imagen, c\u00f3digos de usuario (100), programaci\u00f3n de trabajos, borrado autom\u00e1tico de centro y bordes.<\/li>\n<\/ul>\n","protected":false},"excerpt":{"rendered":"<h4>Impresi\u00f3n con rapidez, duplicaci\u00f3n a un costo accesible<\/h4>\n<p>Como educador, administrador o empleado del gobierno, siempre tiene documentos que debe imprimir. Su reto ha sido encontrar el tiempo y el presupuesto para imprimirlos. Descubra lo que le ha faltado con la Duplicadora \u00ae Digital RICOH DD 3334. Util\u00edcela para imprimir ex\u00e1menes, formularios de admisi\u00f3n, boletas de calificaciones, expedientes del gobierno y otros documentos de uso frecuente; este equipo cuenta con opciones flexibles de posicionamiento, calidad consistente y una velocidad incre\u00edble, incluso cuando se utilizan varios tipos y tama\u00f1os de papel.<\/p>\n<p><strong>Disponible en venta y renta.<\/strong><br \/>\n<strong>Disponible Soporte t\u00e9cnico y Consumibles.<\/strong><\/p>\n[fusion_button link=\"http:\/\/soluciondigitaldelbajio.com.mx\/site\/distribuidor-canon-ricoh-kyocera-oce-san-luis-potosi\/?your-subject= duplicador dx334\" title=\"Solicitar informaci\u00f3n de producto\" target=\"_self\" alignment=\"\" modal=\"\" hide_on_mobile=\"small-visibility,medium-visibility,large-visibility\" class=\"\" id=\"\" color=\"custom\" button_gradient_top_color=\"#0073aa\" button_gradient_bottom_color=\"#025983\" button_gradient_top_color_hover=\"#025983\" button_gradient_bottom_color_hover=\"#0073aa\" accent_color=\"#fff\" accent_hover_color=\"\" type=\"\" bevel_color=\"\" border_width=\"\" size=\"large\" stretch=\"default\" shape=\"\" icon=\"fa-usd\" icon_position=\"left\" icon_divider=\"yes\" animation_type=\"slide\" animation_direction=\"right\" animation_speed=\"0.3\" animation_offset=\"\"]Solicitar Informaci\u00f3n[\/fusion_button]\n","protected":false},"featured_media":638,"comment_status":"closed","ping_status":"closed","template":"","meta":[],"product_cat":[38],"product_tag":[],"class_list":{"0":"post-501","1":"product","2":"type-product","3":"status-publish","4":"has-post-thumbnail","6":"product_cat-duplicadores-duplicadoras-copiadoras-documentos-monterrey","8":"first","9":"instock","10":"shipping-taxable","11":"product-type-simple"},"aioseo_notices":[],"_links":{"self":[{"href":"https:\/\/soluciondigitaldelbajio.com.mx\/site\/wp-json\/wp\/v2\/product\/501","targetHints":{"allow":["GET"]}}],"collection":[{"href":"https:\/\/soluciondigitaldelbajio.com.mx\/site\/wp-json\/wp\/v2\/product"}],"about":[{"href":"https:\/\/soluciondigitaldelbajio.com.mx\/site\/wp-json\/wp\/v2\/types\/product"}],"replies":[{"embeddable":true,"href":"https:\/\/soluciondigitaldelbajio.com.mx\/site\/wp-json\/wp\/v2\/comments?post=501"}],"wp:featuredmedia":[{"embeddable":true,"href":"https:\/\/soluciondigitaldelbajio.com.mx\/site\/wp-json\/wp\/v2\/media\/638"}],"wp:attachment":[{"href":"https:\/\/soluciondigitaldelbajio.com.mx\/site\/wp-json\/wp\/v2\/media?parent=501"}],"wp:term":[{"taxonomy":"product_cat","embeddable":true,"href":"https:\/\/soluciondigitaldelbajio.com.mx\/site\/wp-json\/wp\/v2\/product_cat?post=501"},{"taxonomy":"product_tag","embeddable":true,"href":"https:\/\/soluciondigitaldelbajio.com.mx\/site\/wp-json\/wp\/v2\/product_tag?post=501"}],"curies":[{"name":"wp","href":"https:\/\/api.w.org\/{rel}","templated":true}]}}