{"id":502,"date":"2015-07-20T15:45:50","date_gmt":"2015-07-20T15:45:50","guid":{"rendered":"http:\/\/1step.com.mx\/?post_type=product&#038;p=319"},"modified":"2017-02-21T16:05:34","modified_gmt":"2017-02-21T16:05:34","slug":"duplicador-digital-ricoh-proport-dd-4450-en-mexico","status":"publish","type":"product","link":"https:\/\/soluciondigitaldelbajio.com.mx\/site\/product\/duplicador-digital-ricoh-proport-dd-4450-en-mexico\/","title":{"rendered":"Duplicador Digital Priport DD 4450 &#8211; para Medio Volumen"},"content":{"rendered":"<ul>\n<li>Produce 130 impresiones\/copias por minuto en blanco &amp; negro.<\/li>\n<li>Panel de control LCD de cuatro l\u00edneas, a todo color e intuitivo, cualquier usuario puede navegar por la funcionalidad principal \u00a0 \u00a0y operar el sistema en momentos con m\u00ednima capacitaci\u00f3n.<\/li>\n<li>Sistema de rodillo de presi\u00f3n, sistema de un tambor<\/li>\n<li>Alimentador de documentos<\/li>\n<li>Tama\u00f1o del papel: m\u00e1ximo 325 mm x 447 mm; m\u00ednimo: 70 mm x 148 mm<\/li>\n<\/ul>\n","protected":false},"excerpt":{"rendered":"<h4>Combine altas velocidades con excelente calidad para un valor agregado<\/h4>\n<p>El Duplicador Digital <strong>RICOH\u00ae Priport DD 4450<\/strong> es f\u00e1cil de utilizar y ofrece un conjunto de funciones innovadoras para una impresi\u00f3n r\u00e1pida y de alta calidad que ahorra tiempo de producci\u00f3n y a su resultado final. Util\u00edcelo para administrar con facilidad cargas de trabajo de reproducci\u00f3n de bajo a medio volumen, o int\u00e9grelo perfectamente a su red como una parte integral de la estrategia Ricoh Managed Document Services (MDS) para agilizar el flujo de trabajo.<\/p>\n<p><strong>Disponible en venta y renta.<\/strong><br \/>\n<strong>Disponible Soporte t\u00e9cnico y Consumibles.<\/strong><\/p>\n[fusion_button link=\"http:\/\/soluciondigitaldelbajio.com.mx\/site\/distribuidor-canon-ricoh-kyocera-oce-san-luis-potosi\/?your-subject= duplicador digital dd4450\" title=\"Solicitar informaci\u00f3n de producto\" target=\"_self\" alignment=\"\" modal=\"\" hide_on_mobile=\"small-visibility,medium-visibility,large-visibility\" class=\"\" id=\"\" color=\"custom\" button_gradient_top_color=\"#0073aa\" button_gradient_bottom_color=\"#025983\" button_gradient_top_color_hover=\"#025983\" button_gradient_bottom_color_hover=\"#0073aa\" accent_color=\"#fff\" accent_hover_color=\"\" type=\"\" bevel_color=\"\" border_width=\"\" size=\"large\" stretch=\"default\" shape=\"\" icon=\"fa-usd\" icon_position=\"left\" icon_divider=\"yes\" animation_type=\"slide\" animation_direction=\"right\" animation_speed=\"0.3\" animation_offset=\"\"]Solicitar Informaci\u00f3n[\/fusion_button]\n","protected":false},"featured_media":637,"comment_status":"closed","ping_status":"closed","template":"","meta":[],"product_cat":[38],"product_tag":[],"class_list":{"0":"post-502","1":"product","2":"type-product","3":"status-publish","4":"has-post-thumbnail","6":"product_cat-duplicadores-duplicadoras-copiadoras-documentos-monterrey","8":"first","9":"instock","10":"shipping-taxable","11":"product-type-simple"},"aioseo_notices":[],"_links":{"self":[{"href":"https:\/\/soluciondigitaldelbajio.com.mx\/site\/wp-json\/wp\/v2\/product\/502","targetHints":{"allow":["GET"]}}],"collection":[{"href":"https:\/\/soluciondigitaldelbajio.com.mx\/site\/wp-json\/wp\/v2\/product"}],"about":[{"href":"https:\/\/soluciondigitaldelbajio.com.mx\/site\/wp-json\/wp\/v2\/types\/product"}],"replies":[{"embeddable":true,"href":"https:\/\/soluciondigitaldelbajio.com.mx\/site\/wp-json\/wp\/v2\/comments?post=502"}],"wp:featuredmedia":[{"embeddable":true,"href":"https:\/\/soluciondigitaldelbajio.com.mx\/site\/wp-json\/wp\/v2\/media\/637"}],"wp:attachment":[{"href":"https:\/\/soluciondigitaldelbajio.com.mx\/site\/wp-json\/wp\/v2\/media?parent=502"}],"wp:term":[{"taxonomy":"product_cat","embeddable":true,"href":"https:\/\/soluciondigitaldelbajio.com.mx\/site\/wp-json\/wp\/v2\/product_cat?post=502"},{"taxonomy":"product_tag","embeddable":true,"href":"https:\/\/soluciondigitaldelbajio.com.mx\/site\/wp-json\/wp\/v2\/product_tag?post=502"}],"curies":[{"name":"wp","href":"https:\/\/api.w.org\/{rel}","templated":true}]}}