{"id":509,"date":"2015-07-20T19:58:07","date_gmt":"2015-07-20T19:58:07","guid":{"rendered":"http:\/\/1step.com.mx\/?post_type=product&#038;p=337"},"modified":"2017-02-21T03:58:46","modified_gmt":"2017-02-21T03:58:46","slug":"venta-proyector-mexico-ricoh-pj-wx4141n","status":"publish","type":"product","link":"https:\/\/soluciondigitaldelbajio.com.mx\/site\/product\/venta-proyector-mexico-ricoh-pj-wx4141n\/","title":{"rendered":"Proyector RICOH PJ WX4141N"},"content":{"rendered":"<ul>\n<li>\u00a03,300 l\u00famenes<\/li>\n<li>Resoluci\u00f3n WXGA<\/li>\n<li>Contraste 2,500:1<\/li>\n<li>L\u00e1mpara 3,000 &#8211; 4,000 hrs.<\/li>\n<li>HDMI<\/li>\n<\/ul>\n","protected":false},"excerpt":{"rendered":"<p><strong>Proyector Tiro Ultra Corto<\/strong><\/p>\n<p>L\u00ednea caracterizada por la distancia tan corta de s\u00f3lo 11.68 cm a la que puede colocarse de la superficie de la proyecci\u00f3n para as\u00ed obtener una imagen con gran apertura de 48&#8243; en diagonal y gran legibilidad, incluso hasta en \u00e1reas muy peque\u00f1as como oficinas.<\/p>\n<p>Los proyectores de Tiro Ultra Corto de Ricoh son los primeros que se colocan en posici\u00f3n vertical, adem\u00e1s tienen la posibilidad de montaje a techo. Su portabilidad permite convertir cualquier \u00e1rea en una sala de juntas sin importar el tama\u00f1o o tecnolog\u00eda instalada.<\/p>\n<p>Su tecnolog\u00eda est\u00e1 basada en DLP y soporta formato 3D con la ayuda de lentes especiales y formato adecuado del documento.<\/p>\n<p>Gracias a su colocaci\u00f3n en forma vertical no se requieren instalaciones especiales en techo para lograr una imagen de alta calidad y en gran tama\u00f1o libre de sombras. De esta misma forma, es factible la portabilidad del producto a que se puede adaptar a cualquier \u00e1rea de trabajo.<\/p>\n<p>Adicionado con entrada HDMI que permite la proyecci\u00f3n de im\u00e1genes con mayor calidad y nitidez.<\/p>\n[fusion_button link=\"http:\/\/soluciondigitaldelbajio.com.mx\/site\/distribuidor-canon-ricoh-kyocera-oce-san-luis-potosi\/?your-subject= proyector wx4141n\" title=\"Solicitar informaci\u00f3n de producto\" target=\"_self\" alignment=\"\" modal=\"\" hide_on_mobile=\"small-visibility,medium-visibility,large-visibility\" class=\"\" id=\"\" color=\"custom\" button_gradient_top_color=\"#0073aa\" button_gradient_bottom_color=\"#025983\" button_gradient_top_color_hover=\"#025983\" button_gradient_bottom_color_hover=\"#0073aa\" accent_color=\"#fff\" accent_hover_color=\"\" type=\"\" bevel_color=\"\" border_width=\"\" size=\"large\" stretch=\"default\" shape=\"\" icon=\"fa-usd\" icon_position=\"left\" icon_divider=\"yes\" animation_type=\"slide\" animation_direction=\"right\" animation_speed=\"0.3\" animation_offset=\"\"]Solicitar Informaci\u00f3n[\/fusion_button]\n","protected":false},"featured_media":627,"comment_status":"closed","ping_status":"closed","template":"","meta":[],"product_cat":[39],"product_tag":[],"class_list":{"0":"post-509","1":"product","2":"type-product","3":"status-publish","4":"has-post-thumbnail","6":"product_cat-equipos-de-proyeccion-proyectores-oficina-monterrey","8":"first","9":"instock","10":"shipping-taxable","11":"product-type-simple"},"aioseo_notices":[],"_links":{"self":[{"href":"https:\/\/soluciondigitaldelbajio.com.mx\/site\/wp-json\/wp\/v2\/product\/509","targetHints":{"allow":["GET"]}}],"collection":[{"href":"https:\/\/soluciondigitaldelbajio.com.mx\/site\/wp-json\/wp\/v2\/product"}],"about":[{"href":"https:\/\/soluciondigitaldelbajio.com.mx\/site\/wp-json\/wp\/v2\/types\/product"}],"replies":[{"embeddable":true,"href":"https:\/\/soluciondigitaldelbajio.com.mx\/site\/wp-json\/wp\/v2\/comments?post=509"}],"wp:featuredmedia":[{"embeddable":true,"href":"https:\/\/soluciondigitaldelbajio.com.mx\/site\/wp-json\/wp\/v2\/media\/627"}],"wp:attachment":[{"href":"https:\/\/soluciondigitaldelbajio.com.mx\/site\/wp-json\/wp\/v2\/media?parent=509"}],"wp:term":[{"taxonomy":"product_cat","embeddable":true,"href":"https:\/\/soluciondigitaldelbajio.com.mx\/site\/wp-json\/wp\/v2\/product_cat?post=509"},{"taxonomy":"product_tag","embeddable":true,"href":"https:\/\/soluciondigitaldelbajio.com.mx\/site\/wp-json\/wp\/v2\/product_tag?post=509"}],"curies":[{"name":"wp","href":"https:\/\/api.w.org\/{rel}","templated":true}]}}