{"id":594,"date":"2016-10-11T17:29:46","date_gmt":"2016-10-11T17:29:46","guid":{"rendered":"http:\/\/1step.com.mx\/product\/multifuncionales-ricoh-negro-mp501-mp601-impresora-copiadora-monterrey\/"},"modified":"2017-02-21T03:35:34","modified_gmt":"2017-02-21T03:35:34","slug":"multifuncionales-ricoh-negro-mp501-mp601-impresora-copiadora-mexico","status":"publish","type":"product","link":"https:\/\/soluciondigitaldelbajio.com.mx\/site\/product\/multifuncionales-ricoh-negro-mp501-mp601-impresora-copiadora-mexico\/","title":{"rendered":"Multifuncionales RICOH MP 501 | MP 601  Carta | Oficio"},"content":{"rendered":"<p><strong>RICOH\u00a0MP 501SPF |\u00a0MP 601SPF<\/strong><\/p>\n<p><b>MP 501 SPF<\/b> Modelo b\u00e1sico, con copiadora, impresora esc\u00e1ner, fax opcional, panel LCD fijo de 10.1&#8243;\u00a0a color.<br \/>\nVelocidad de impresi\u00f3n\/copiado 52\u00a0ppm.<\/p>\n<p><strong>MP 601 SPF<\/strong>\u00a0Modelo con copiadora, impresora, esc\u00e1ner, fax, bandeja de un separador, panel LCD ajustable de 10.1&#8243;\u00a0a color. Velocidad de impresi\u00f3n\/copiado 62 ppm<\/p>\n<p>\u2022 Imprima hasta 62 ppm para una impresi\u00f3n productiva en blanco &amp; negro<br \/>\n\u2022 Utilice los controles de la pantalla t\u00e1ctil intuitiva para un operaci\u00f3n multifunci\u00f3n sencilla<br \/>\n\u2022 Personalice sus propios flujos de trabajo y agregue accesos directos para simplificar las tareas<br \/>\n\u2022 Imprimir y distribuya la informaci\u00f3n de forma remota desde su dispositivo m\u00f3vil personal<br \/>\n\u2022 Reduzca los costos de operaci\u00f3n a trav\u00e9s de una amplia gama de funciones ecol\u00f3gicas<\/p>\n","protected":false},"excerpt":{"rendered":"<h2 style=\"text-align: left;\"><strong><span style=\"color: #000000;\">La combinaci\u00f3n ideal de comodidad y productividad<\/span><\/strong><\/h2>\n<p style=\"text-align: justify;\"><span style=\"color: #000000;\">El viejo dicho &#8220;el conocimiento es poder&#8221; tiene un nuevo giro. Eso s\u00f3lo es cierto si usted puede compartir ese conocimiento con los dem\u00e1s de manera r\u00e1pida y segura &#8211; en el formato que prefieran. Utilice el <strong>RICOH MP 501SPF<\/strong>\u00a0para imprimir a alta velocidad formularios, facturas y una amplia gama de tipos de documentos; con un solo toque copie importantes notas de reuniones, escanee im\u00e1genes y folletos a todo color y env\u00ede por fax o distribuya la informaci\u00f3n en formato digital a cualquier persona y en cualquier lugar.<\/span><\/p>\n<p><strong>Disponible en venta y renta<\/strong><br \/>\n<strong> Venta de consumibles<\/strong><\/p>\n[fusion_button link=\"http:\/\/soluciondigitaldelbajio.com.mx\/site\/distribuidor-canon-ricoh-kyocera-oce-san-luis-potosi\/?your-subject= multifuncional rico h mp501\/mp601\" title=\"Solicitar informaci\u00f3n de producto\" target=\"_self\" alignment=\"\" modal=\"\" hide_on_mobile=\"small-visibility,medium-visibility,large-visibility\" class=\"\" id=\"\" color=\"custom\" button_gradient_top_color=\"#0073aa\" button_gradient_bottom_color=\"#025983\" button_gradient_top_color_hover=\"#025983\" button_gradient_bottom_color_hover=\"#0073aa\" accent_color=\"#fff\" accent_hover_color=\"\" type=\"\" bevel_color=\"\" border_width=\"\" size=\"large\" stretch=\"default\" shape=\"\" icon=\"fa-usd\" icon_position=\"left\" icon_divider=\"yes\" animation_type=\"slide\" animation_direction=\"right\" animation_speed=\"0.3\" animation_offset=\"\"]Solicitar Informaci\u00f3n[\/fusion_button]\n","protected":false},"featured_media":596,"comment_status":"closed","ping_status":"closed","template":"","meta":[],"product_cat":[9],"product_tag":[],"class_list":{"0":"post-594","1":"product","2":"type-product","3":"status-publish","4":"has-post-thumbnail","6":"product_cat-multifuncionales-bn","8":"first","9":"instock","10":"shipping-taxable","11":"product-type-simple"},"aioseo_notices":[],"_links":{"self":[{"href":"https:\/\/soluciondigitaldelbajio.com.mx\/site\/wp-json\/wp\/v2\/product\/594","targetHints":{"allow":["GET"]}}],"collection":[{"href":"https:\/\/soluciondigitaldelbajio.com.mx\/site\/wp-json\/wp\/v2\/product"}],"about":[{"href":"https:\/\/soluciondigitaldelbajio.com.mx\/site\/wp-json\/wp\/v2\/types\/product"}],"replies":[{"embeddable":true,"href":"https:\/\/soluciondigitaldelbajio.com.mx\/site\/wp-json\/wp\/v2\/comments?post=594"}],"wp:featuredmedia":[{"embeddable":true,"href":"https:\/\/soluciondigitaldelbajio.com.mx\/site\/wp-json\/wp\/v2\/media\/596"}],"wp:attachment":[{"href":"https:\/\/soluciondigitaldelbajio.com.mx\/site\/wp-json\/wp\/v2\/media?parent=594"}],"wp:term":[{"taxonomy":"product_cat","embeddable":true,"href":"https:\/\/soluciondigitaldelbajio.com.mx\/site\/wp-json\/wp\/v2\/product_cat?post=594"},{"taxonomy":"product_tag","embeddable":true,"href":"https:\/\/soluciondigitaldelbajio.com.mx\/site\/wp-json\/wp\/v2\/product_tag?post=594"}],"curies":[{"name":"wp","href":"https:\/\/api.w.org\/{rel}","templated":true}]}}