{"id":785,"date":"2017-07-27T20:43:47","date_gmt":"2017-07-27T20:43:47","guid":{"rendered":"http:\/\/soluciondigitaldelbajio.com.mx\/site\/producto\/multifuncional-ricoh-mp-402-spf-carta-oficio\/"},"modified":"2017-07-28T20:47:04","modified_gmt":"2017-07-28T20:47:04","slug":"multifuncional-ricoh-mp-402-spf-carta-oficio","status":"publish","type":"product","link":"https:\/\/soluciondigitaldelbajio.com.mx\/site\/product\/multifuncional-ricoh-mp-402-spf-carta-oficio\/","title":{"rendered":"Multifuncional RICOH MP 402 SPF Carta | Oficio"},"content":{"rendered":"<p>Tiempo de calentamiento: 21 segundos<br \/>\nVelocidad de primera impresi\u00f3n: 5 segundos<br \/>\nVelocidad de impresi\u00f3n continua:40 p\u00e1ginas por minuto<br \/>\nCPU: Intel Atom Processor Bay Trail 1,46 GHz<br \/>\nMemoria Est\u00e1ndar: 2.048 MB<br \/>\nDimensiones (An x Pr x Al): 476 x 483 x 510 mm<br \/>\nPeso: Unidad principal: 26 kg<br \/>\nFuente de energ\u00eda: 220 \u2013 240 V, 50\/60 Hz<\/p>\n<p><strong>COPIADORA<\/strong><br \/>\nProceso de copia:Impresi\u00f3n electrofotogr\u00e1fica monocomponente en seco<br \/>\nElemento de escaneo: Matriz de LED<br \/>\nCopia m\u00faltiple: Hasta 99 copias<br \/>\nResoluci\u00f3n:600 x 600 dpi<br \/>\nZoom:Desde 25% hasta 400% en incrementos de 1%<\/p>\n<p><strong>IMPRESORA<\/strong><br \/>\nProceso de impresi\u00f3n: Impresi\u00f3n electrofotogr\u00e1fica monocomponente en seco<br \/>\nResoluci\u00f3n de impresi\u00f3n: M\u00e1ximo (1.200 x 1.200 dpi)<br \/>\nInterfaz: Ethernet 10 base-T\/100 base-TX\/1000 base-T<br \/>\nEntornos Windows\u00ae: WindowsVista, Windows 7, Windows 8, Windows\u00ae 8.1, Windows\u00ae 10, Windows\u00ae Server 2008, Windows\u00ae Server 2008R2, Windows\u00ae Server 2012, Windows\u00ae Server 2012R2 \/ Entornos Mac : Macintosh OS X v10.8 \u2013 v10.11 \/ Entornos UNIX: UNIX Sun\u00ae Solaris 2.9,2.10<br \/>\nHP-UX: 11.x, 11i v2, 11i v3<br \/>\nSCO OpenServer: 5.0.7, 6.0<br \/>\nRedHat\u00ae Linux Enterprise: 4, 5, 6<br \/>\nIBM\u00ae AIX: V 5L, V5.3, V6.1, V7.1<br \/>\nEntornos SAP\u00ae R\/3\u00ae: SAP\u00ae R\/3 3.x\u00ae o posterior, mySAP ERP 2004 o posterior<\/p>\n<p><strong>ESC\u00c1NER<\/strong><br \/>\nVelocidad de escaneo: SPDF M\u00e1x. 40 (simple)\/80 (d\u00faplex) originales por minuto<br \/>\nResoluci\u00f3n: Est\u00e1ndar 100 \u2013 600 dpi<br \/>\nPredeterminado: 200dpi<br \/>\nEsc\u00e1ner: Hasta 1.200 x 1.200 dpi<br \/>\nTama\u00f1o del original: A4<br \/>\nEscaneo hacia: E-mail, Carpeta, USB, Tarjeta SD, SMB, FTP, URL, PDF\/A, PDF con firma digital, PDF con b\u00fasqueda (OCR) (Opciones)<br \/>\nFAX<br \/>\nResoluci\u00f3n: Est\u00e1ndar 8 x 3,85 l\u00ednea\/mm, 200 x 200 dpi, 8 x 7,7 l\u00ednea\/mm, 200 x 100 dpi<\/p>\n<p><strong>GESTI\u00d3N DEL PAPEL<\/strong><br \/>\nTama\u00f1o de papel recomendado:<br \/>\nBandeja(s) de papel est\u00e1ndar: A4, A5, A6, B5, B6<br \/>\nBandeja bypass: A4, A5, A6, B5, B6<br \/>\nCapacidad entrada papel: M\u00e1ximo: 1.600 hojas<br \/>\nCapacidad salida papel: Est\u00e1ndar: 250 hojas<\/p>\n","protected":false},"excerpt":{"rendered":"<p><strong>Ac\u00e9rquese a la productividad todo en uno<\/strong><\/p>\n<p>Piense en grande \u2013 Utilizando lo peque\u00f1o. Utilice el equipo compacto RICOH MP 402SPF.<br \/>\nAc\u00e9rquese a la productividad todo en uno MP 402SPF para compartir informaci\u00f3n r\u00e1pidamente en grupos de trabajo de peque\u00f1as y medianas empresas. H\u00e1gase cargo de las tareas cotidianas de la gesti\u00f3n de documentos \u2013 incluyendo la impresi\u00f3n, copiado, escaneado y env\u00edo de fax \u2013 con velocidad y precisi\u00f3n desde el escritorio. Busque informaci\u00f3n, cambie entre tareas y complete los trabajos m\u00e1s r\u00e1pido con un solo toque, desplaz\u00e1ndose\/desliz\u00e1ndose por la gran pantalla t\u00e1ctil a color de 10.1\u201d. Cree sus propios accesos directos automatizados a flujos de trabajo para reducir los pasos manuales. Personalice la seguridad para cada usuario. Incluso puede programar el dispositivo para apagarse y conservar la energ\u00eda. Lo mejor de todo es que puede imprimir c\u00f3modamente desde su tel\u00e9fono inteligente o tablet y mantenerse productivo.<\/p>\n<p><strong>Disponible en venta y renta.<\/strong><br \/>\n<strong>Disponible Soporte t\u00e9cnico y Consumibles.<\/strong><\/p>\n[fusion_button link=\"http:\/\/soluciondigitaldelbajio.com.mx\/site\/distribuidor-canon-ricoh-kyocera-oce-san-luis-potosi\/?your-subject= RICOH MP 402 SPF\" title=\"Solicitar informaci\u00f3n de producto\" target=\"_self\" alignment=\"\" modal=\"\" hide_on_mobile=\"small-visibility,medium-visibility,large-visibility\" class=\"\" id=\"\" color=\"custom\" button_gradient_top_color=\"#0073aa\" button_gradient_bottom_color=\"#025983\" button_gradient_top_color_hover=\"#025983\" button_gradient_bottom_color_hover=\"#0073aa\" accent_color=\"#fff\" accent_hover_color=\"\" type=\"\" bevel_color=\"\" border_width=\"\" size=\"large\" stretch=\"default\" shape=\"\" icon=\"fa-usd\" icon_position=\"left\" icon_divider=\"yes\" animation_type=\"slide\" animation_direction=\"right\" animation_speed=\"0.3\" animation_offset=\"\"]Solicitar Informaci\u00f3n[\/fusion_button]\n","protected":false},"featured_media":786,"comment_status":"closed","ping_status":"closed","template":"","meta":[],"product_cat":[9],"product_tag":[],"class_list":{"0":"post-785","1":"product","2":"type-product","3":"status-publish","4":"has-post-thumbnail","6":"product_cat-multifuncionales-bn","8":"first","9":"instock","10":"shipping-taxable","11":"product-type-simple"},"aioseo_notices":[],"_links":{"self":[{"href":"https:\/\/soluciondigitaldelbajio.com.mx\/site\/wp-json\/wp\/v2\/product\/785","targetHints":{"allow":["GET"]}}],"collection":[{"href":"https:\/\/soluciondigitaldelbajio.com.mx\/site\/wp-json\/wp\/v2\/product"}],"about":[{"href":"https:\/\/soluciondigitaldelbajio.com.mx\/site\/wp-json\/wp\/v2\/types\/product"}],"replies":[{"embeddable":true,"href":"https:\/\/soluciondigitaldelbajio.com.mx\/site\/wp-json\/wp\/v2\/comments?post=785"}],"wp:featuredmedia":[{"embeddable":true,"href":"https:\/\/soluciondigitaldelbajio.com.mx\/site\/wp-json\/wp\/v2\/media\/786"}],"wp:attachment":[{"href":"https:\/\/soluciondigitaldelbajio.com.mx\/site\/wp-json\/wp\/v2\/media?parent=785"}],"wp:term":[{"taxonomy":"product_cat","embeddable":true,"href":"https:\/\/soluciondigitaldelbajio.com.mx\/site\/wp-json\/wp\/v2\/product_cat?post=785"},{"taxonomy":"product_tag","embeddable":true,"href":"https:\/\/soluciondigitaldelbajio.com.mx\/site\/wp-json\/wp\/v2\/product_tag?post=785"}],"curies":[{"name":"wp","href":"https:\/\/api.w.org\/{rel}","templated":true}]}}