{"id":789,"date":"2017-07-27T23:00:50","date_gmt":"2017-07-27T23:00:50","guid":{"rendered":"http:\/\/soluciondigitaldelbajio.com.mx\/site\/producto\/impresora-multifincional-ricoh-mp-c307spspf\/"},"modified":"2017-07-28T20:37:28","modified_gmt":"2017-07-28T20:37:28","slug":"impresora-multifincional-ricoh-mp-c307spspf","status":"publish","type":"product","link":"https:\/\/soluciondigitaldelbajio.com.mx\/site\/product\/impresora-multifincional-ricoh-mp-c307spspf\/","title":{"rendered":"Impresora Multifincional RICOH MP C307SP\/SPF"},"content":{"rendered":"<ul>\n<li>Esc\u00e1ner SPDF de serie (1 cara: 40ipm, 2 caras: 80 ipm).<\/li>\n<li>F\u00e1cil de utilizar gracias al Smart Operation Panel de 10,1\u201d.<\/li>\n<li>Disco Duro de 320 Gb.<\/li>\n<li>La tecnolog\u00eda Smart Device permite imprimir desde cualquier dispositivo mediante AirPrint, Mopria y las aplicaciones Ricoh.<\/li>\n<li>Coste total de la propiedad y costes de impresi\u00f3n reducidos.<\/li>\n<\/ul>\n","protected":false},"excerpt":{"rendered":"<p>Tu d\u00eda a d\u00eda exige la mejor calidad en todos los aspectos; y en Ricoh lo saben. Por eso, han dise\u00f1ado las impresoras multifuncionales A4 en color MP C307SP\/SPF para ofrecerte soluciones compactas y potentes que te permitan mejorar tu flujo de trabajo.<br \/>\nControla todas las operaciones y accede r\u00e1pidamente a las funciones que necesitas gracias al Smart Operation Panel, un intuitivo panel t\u00e1ctil. Todos los modelos est\u00e1n equipados con un potente procesador Intel y un alimentador autom\u00e1tico de documentos a doble cara de una sola pasada (SPDF) de alta velocidad que te permiten mantener un rendimiento elevado y aumentar tu productividad.<\/p>\n<p><strong>Disponible en venta y renta.<\/strong><br \/>\n<strong>Disponible Soporte t\u00e9cnico y Consumibles.<\/strong><\/p>\n[fusion_button link=\"http:\/\/soluciondigitaldelbajio.com.mx\/site\/distribuidor-canon-ricoh-kyocera-oce-san-luis-potosi\/?your-subject= RICOH MP C307\" title=\"Solicitar informaci\u00f3n de producto\" target=\"_self\" alignment=\"\" modal=\"\" hide_on_mobile=\"small-visibility,medium-visibility,large-visibility\" class=\"\" id=\"\" color=\"custom\" button_gradient_top_color=\"#0073aa\" button_gradient_bottom_color=\"#025983\" button_gradient_top_color_hover=\"#025983\" button_gradient_bottom_color_hover=\"#0073aa\" accent_color=\"#fff\" accent_hover_color=\"\" type=\"\" bevel_color=\"\" border_width=\"\" size=\"large\" stretch=\"default\" shape=\"\" icon=\"fa-usd\" icon_position=\"left\" icon_divider=\"yes\" animation_type=\"slide\" animation_direction=\"right\" animation_speed=\"0.3\" animation_offset=\"\"]Solicitar Informaci\u00f3n[\/fusion_button]\n","protected":false},"featured_media":790,"comment_status":"closed","ping_status":"closed","template":"","meta":[],"product_cat":[8],"product_tag":[],"class_list":{"0":"post-789","1":"product","2":"type-product","3":"status-publish","4":"has-post-thumbnail","6":"product_cat-multifuncionales-color","8":"first","9":"instock","10":"shipping-taxable","11":"product-type-simple"},"aioseo_notices":[],"_links":{"self":[{"href":"https:\/\/soluciondigitaldelbajio.com.mx\/site\/wp-json\/wp\/v2\/product\/789","targetHints":{"allow":["GET"]}}],"collection":[{"href":"https:\/\/soluciondigitaldelbajio.com.mx\/site\/wp-json\/wp\/v2\/product"}],"about":[{"href":"https:\/\/soluciondigitaldelbajio.com.mx\/site\/wp-json\/wp\/v2\/types\/product"}],"replies":[{"embeddable":true,"href":"https:\/\/soluciondigitaldelbajio.com.mx\/site\/wp-json\/wp\/v2\/comments?post=789"}],"wp:featuredmedia":[{"embeddable":true,"href":"https:\/\/soluciondigitaldelbajio.com.mx\/site\/wp-json\/wp\/v2\/media\/790"}],"wp:attachment":[{"href":"https:\/\/soluciondigitaldelbajio.com.mx\/site\/wp-json\/wp\/v2\/media?parent=789"}],"wp:term":[{"taxonomy":"product_cat","embeddable":true,"href":"https:\/\/soluciondigitaldelbajio.com.mx\/site\/wp-json\/wp\/v2\/product_cat?post=789"},{"taxonomy":"product_tag","embeddable":true,"href":"https:\/\/soluciondigitaldelbajio.com.mx\/site\/wp-json\/wp\/v2\/product_tag?post=789"}],"curies":[{"name":"wp","href":"https:\/\/api.w.org\/{rel}","templated":true}]}}