{"id":898,"date":"2019-08-22T22:09:16","date_gmt":"2019-08-22T22:09:16","guid":{"rendered":"http:\/\/soluciondigitaldelbajio.com.mx\/site\/producto\/canon-imagerunner-3025-precio\/"},"modified":"2019-09-03T16:26:51","modified_gmt":"2019-09-03T16:26:51","slug":"canon-imagerunner-3025-precio","status":"publish","type":"product","link":"https:\/\/soluciondigitaldelbajio.com.mx\/site\/product\/canon-imagerunner-3025-precio\/","title":{"rendered":"Multifuncional IR C 3025"},"content":{"rendered":"<ul>\n<li>Impresi\u00f3n, copia, escaneo en color, env\u00edo y funci\u00f3n de fax opcional<\/li>\n<li>Velocidad A4 en color y en blanco y negro: 25 ppm<\/li>\n<li>Impresi\u00f3n y escaneo m\u00f3vil pr\u00e1cticos<\/li>\n<li>Pantalla t\u00e1ctil LCD en color de 12,7 cm (5\u201d) f\u00e1cil de usar<\/li>\n<li>Capacidad para 2,300 hojas<\/li>\n<li>Acabado 3 en 1: grapado, grapado bajo demanda y grapado Eco<\/li>\n<li>Copia y escaneado RADF<\/li>\n<li>Mantenimiento por medio de funciones de gesti\u00f3n remotas<\/li>\n<\/ul>\n","protected":false},"excerpt":{"rendered":"<p>Equipo multifunci\u00f3n A3 en color de alta calidad para oficinas con una gran carga de trabajo<br \/>\nUn fiable equipo multifunci\u00f3n A3 en color que ofrece un gran valor a las oficinas m\u00e1s exigentes a trav\u00e9s de una impresi\u00f3n de calidad y un gran nivel de productividad. De esta forma, se crea un completo ecosistema de flujo de trabajo de documentos.<\/p>\n[fusion_button link=\"http:\/\/soluciondigitaldelbajio.com.mx\/site\/distribuidor-canon-ricoh-kyocera-oce-san-luis-potosi\/?your-subject= Canon IR ADVANCE 6500\" title=\"Solicitar informaci\u00f3n de producto\" target=\"_self\" alignment=\"\" modal=\"\" hide_on_mobile=\"small-visibility,medium-visibility,large-visibility\" class=\"\" id=\"\" color=\"custom\" button_gradient_top_color=\"#0073aa\" button_gradient_bottom_color=\"#025983\" button_gradient_top_color_hover=\"#025983\" button_gradient_bottom_color_hover=\"#0073aa\" accent_color=\"#fff\" accent_hover_color=\"\" type=\"\" bevel_color=\"\" border_width=\"\" size=\"large\" stretch=\"default\" shape=\"\" icon=\"fa-usd\" icon_position=\"left\" icon_divider=\"yes\" animation_type=\"slide\" animation_direction=\"right\" animation_speed=\"0.3\" animation_offset=\"\"]Solicitar Informaci\u00f3n[\/fusion_button]\n","protected":false},"featured_media":903,"comment_status":"closed","ping_status":"closed","template":"","meta":[],"product_cat":[7,8],"product_tag":[],"class_list":{"0":"post-898","1":"product","2":"type-product","3":"status-publish","4":"has-post-thumbnail","6":"product_cat-copiadoras-impresoras-escaners-multifuncionals-san-luis-potosi","7":"product_cat-multifuncionales-color","9":"first","10":"instock","11":"shipping-taxable","12":"product-type-simple"},"aioseo_notices":[],"_links":{"self":[{"href":"https:\/\/soluciondigitaldelbajio.com.mx\/site\/wp-json\/wp\/v2\/product\/898","targetHints":{"allow":["GET"]}}],"collection":[{"href":"https:\/\/soluciondigitaldelbajio.com.mx\/site\/wp-json\/wp\/v2\/product"}],"about":[{"href":"https:\/\/soluciondigitaldelbajio.com.mx\/site\/wp-json\/wp\/v2\/types\/product"}],"replies":[{"embeddable":true,"href":"https:\/\/soluciondigitaldelbajio.com.mx\/site\/wp-json\/wp\/v2\/comments?post=898"}],"wp:featuredmedia":[{"embeddable":true,"href":"https:\/\/soluciondigitaldelbajio.com.mx\/site\/wp-json\/wp\/v2\/media\/903"}],"wp:attachment":[{"href":"https:\/\/soluciondigitaldelbajio.com.mx\/site\/wp-json\/wp\/v2\/media?parent=898"}],"wp:term":[{"taxonomy":"product_cat","embeddable":true,"href":"https:\/\/soluciondigitaldelbajio.com.mx\/site\/wp-json\/wp\/v2\/product_cat?post=898"},{"taxonomy":"product_tag","embeddable":true,"href":"https:\/\/soluciondigitaldelbajio.com.mx\/site\/wp-json\/wp\/v2\/product_tag?post=898"}],"curies":[{"name":"wp","href":"https:\/\/api.w.org\/{rel}","templated":true}]}}