{"id":904,"date":"2019-09-03T17:01:16","date_gmt":"2019-09-03T17:01:16","guid":{"rendered":"https:\/\/soluciondigitaldelbajio.com.mx\/site\/?post_type=product&#038;p=904"},"modified":"2019-09-03T17:01:16","modified_gmt":"2019-09-03T17:01:16","slug":"plotter-canon-ipf670","status":"publish","type":"product","link":"https:\/\/soluciondigitaldelbajio.com.mx\/site\/product\/plotter-canon-ipf670\/","title":{"rendered":"Plotter Canon iPF670"},"content":{"rendered":"<p>\u2022 Mayor velocidad de impresi\u00f3n<br \/>\n\u2022 Dise\u00f1o compacto de 24 pulgadas<br \/>\n\u2022 Mejor calidad en los dibujos CAD y compatibilidad con HP-GL\/2<br \/>\n\u2022 Nueva tinta magenta para una reproducci\u00f3n de colores m\u00e1s amplia<br \/>\n\u2022 Cartuchos de tinta de 130 ml intercambiables mientras imprime<br \/>\n\u2022 Software Direct Print &amp; Share<br \/>\n\u2022 Herramientas de contabilidad<br \/>\n\u2022Compatibilidad con Canon\u00a0imagePROGRAF Print Utility.<\/p>\n","protected":false},"excerpt":{"rendered":"<p>Impresora compacta b\u00e1sica de 5 colores, perfecta para CAD\/GIS y carteler\u00eda de alta calidad. Combine calidad y econom\u00eda con esta impresora de 5 colores de alta velocidad y 24 pulgadas. Obtenga resultados n\u00edtidos en CAD\/GIS y carteler\u00eda gracias a la nueva tinta magenta.<\/p>\n","protected":false},"featured_media":905,"comment_status":"open","ping_status":"closed","template":"","meta":[],"product_cat":[21],"product_tag":[],"class_list":{"0":"post-904","1":"product","2":"type-product","3":"status-publish","4":"has-post-thumbnail","6":"product_cat-segmento-tecnico","8":"first","9":"instock","10":"shipping-taxable","11":"product-type-simple"},"aioseo_notices":[],"_links":{"self":[{"href":"https:\/\/soluciondigitaldelbajio.com.mx\/site\/wp-json\/wp\/v2\/product\/904","targetHints":{"allow":["GET"]}}],"collection":[{"href":"https:\/\/soluciondigitaldelbajio.com.mx\/site\/wp-json\/wp\/v2\/product"}],"about":[{"href":"https:\/\/soluciondigitaldelbajio.com.mx\/site\/wp-json\/wp\/v2\/types\/product"}],"replies":[{"embeddable":true,"href":"https:\/\/soluciondigitaldelbajio.com.mx\/site\/wp-json\/wp\/v2\/comments?post=904"}],"wp:featuredmedia":[{"embeddable":true,"href":"https:\/\/soluciondigitaldelbajio.com.mx\/site\/wp-json\/wp\/v2\/media\/905"}],"wp:attachment":[{"href":"https:\/\/soluciondigitaldelbajio.com.mx\/site\/wp-json\/wp\/v2\/media?parent=904"}],"wp:term":[{"taxonomy":"product_cat","embeddable":true,"href":"https:\/\/soluciondigitaldelbajio.com.mx\/site\/wp-json\/wp\/v2\/product_cat?post=904"},{"taxonomy":"product_tag","embeddable":true,"href":"https:\/\/soluciondigitaldelbajio.com.mx\/site\/wp-json\/wp\/v2\/product_tag?post=904"}],"curies":[{"name":"wp","href":"https:\/\/api.w.org\/{rel}","templated":true}]}}