{"id":908,"date":"2019-09-03T17:44:24","date_gmt":"2019-09-03T17:44:24","guid":{"rendered":"https:\/\/soluciondigitaldelbajio.com.mx\/site\/?post_type=product&#038;p=908"},"modified":"2019-09-03T17:44:24","modified_gmt":"2019-09-03T17:44:24","slug":"plotter-canon-ipf-serie-tx","status":"publish","type":"product","link":"https:\/\/soluciondigitaldelbajio.com.mx\/site\/product\/plotter-canon-ipf-serie-tx\/","title":{"rendered":"Plotter Canon iPF Serie TX"},"content":{"rendered":"<p>Canon presenta la Serie de impresoras de formato ancho imagePROGRAF TX, la nueva soluci\u00f3n que le ayudar\u00e1 a aprovechar las oportunidades en los mercados emergentes y a guiar a su organizaci\u00f3n hacia el camino del \u00e9xito.<\/p>\n<p>\u2022 imagePROGRAF TX-3000 de 36\u201d \u2022 imagePROGRAF TX-4000 de 44\u201d<\/p>\n<p>\u2022 imagePROGRAF TX-3000 MFP T36 de 36\u201d Soluci\u00f3n de escaneo hacia copia\/archivo\/ uso compartido<\/p>\n<p>\u2022 imagePROGRAF TX-4000 MFP T36 de 44\u201d Soluci\u00f3n de escaneo hacia copia\/archivo\/ uso compartido<\/p>\n","protected":false},"excerpt":{"rendered":"<p>La imagePROGRAF TX-3000 MFP T36 de 36 pulgadas es la nueva soluci\u00f3n integrada de escaneo hacia copiado\/archivo\/uso compartido que incluye una impresora, un esc\u00e1ner T36 y una computadora todo en uno integrados que pueden trabajar de forma independiente para mejorar el flujo de trabajo. Con una velocidad de escaneo incrementada y su capacidad de software avanzada, esta soluci\u00f3n tiene todo lo necesario para copiar, escanear, compartir mapas, dibujos, interpretaciones de datos y carteles<\/p>\n","protected":false},"featured_media":909,"comment_status":"open","ping_status":"closed","template":"","meta":[],"product_cat":[20,21],"product_tag":[],"class_list":{"0":"post-908","1":"product","2":"type-product","3":"status-publish","4":"has-post-thumbnail","6":"product_cat-impresoras-de-formato-ancho","7":"product_cat-segmento-tecnico","9":"first","10":"instock","11":"shipping-taxable","12":"product-type-simple"},"aioseo_notices":[],"_links":{"self":[{"href":"https:\/\/soluciondigitaldelbajio.com.mx\/site\/wp-json\/wp\/v2\/product\/908","targetHints":{"allow":["GET"]}}],"collection":[{"href":"https:\/\/soluciondigitaldelbajio.com.mx\/site\/wp-json\/wp\/v2\/product"}],"about":[{"href":"https:\/\/soluciondigitaldelbajio.com.mx\/site\/wp-json\/wp\/v2\/types\/product"}],"replies":[{"embeddable":true,"href":"https:\/\/soluciondigitaldelbajio.com.mx\/site\/wp-json\/wp\/v2\/comments?post=908"}],"wp:featuredmedia":[{"embeddable":true,"href":"https:\/\/soluciondigitaldelbajio.com.mx\/site\/wp-json\/wp\/v2\/media\/909"}],"wp:attachment":[{"href":"https:\/\/soluciondigitaldelbajio.com.mx\/site\/wp-json\/wp\/v2\/media?parent=908"}],"wp:term":[{"taxonomy":"product_cat","embeddable":true,"href":"https:\/\/soluciondigitaldelbajio.com.mx\/site\/wp-json\/wp\/v2\/product_cat?post=908"},{"taxonomy":"product_tag","embeddable":true,"href":"https:\/\/soluciondigitaldelbajio.com.mx\/site\/wp-json\/wp\/v2\/product_tag?post=908"}],"curies":[{"name":"wp","href":"https:\/\/api.w.org\/{rel}","templated":true}]}}