{"id":936,"date":"2019-09-04T16:27:58","date_gmt":"2019-09-04T16:27:58","guid":{"rendered":"https:\/\/soluciondigitaldelbajio.com.mx\/site\/?post_type=product&#038;p=936"},"modified":"2019-09-04T16:27:58","modified_gmt":"2019-09-04T16:27:58","slug":"canon-imagepress-c850","status":"publish","type":"product","link":"https:\/\/soluciondigitaldelbajio.com.mx\/site\/product\/canon-imagepress-c850\/","title":{"rendered":"Canon imagePRESS C650\/C750\/C850"},"content":{"rendered":"<ul>\n<li><strong>Sistema de procesamiento de im\u00e1genes:<\/strong> Electrofotograf\u00eda<\/li>\n<\/ul>\n<ul>\n<li><strong>Resoluci\u00f3n de impresi\u00f3n:<\/strong> Hasta 2400 x 2400 ppp<\/li>\n<\/ul>\n<ul>\n<li><strong>Medio tono:<\/strong> Escala de grises de 256 niveles<\/li>\n<\/ul>\n<ul>\n<li><strong>Velocidad de copiado\/impresi\u00f3n (B y N\/Color)<\/strong><br \/>\nCarta (Unilateral\/bilateral): C850: Hasta 85 ipm\/C750: Hasta 75 ipm\/C650:Hasta 65 ipm<br \/>\nLegal (Unilateral\/Bilateral): C850: Hasta 43 ipm\/C750: Hasta 37 ipm\/C650: Hasta 31 ipm<\/li>\n<li><strong>Funci\u00f3n Bilateral<\/strong> autom\u00e1tico de cualquier material aceptado<\/li>\n<\/ul>\n<ul>\n<li><strong>Tama\u00f1o del papel:<\/strong> De 99.mm x 147.32 mm (3.9\u201dx 5.8\u201d) hasta 330 mm x 488 mm (13\u201dx 19.2\u201d) (hojas largas de hasta 762 mm)<\/li>\n<\/ul>\n","protected":false},"excerpt":{"rendered":"<p><strong>Innovaci\u00f3n y m\u00e1xima calidad de impresi\u00f3n en Producci\u00f3n Ligera a Color<br \/>\n<\/strong><br \/>\nLas imprentas digitales de producci\u00f3n en color <strong>imagePRESS C850\/C750\/C650<\/strong> ofrecen a los usuarios finales calidad, productividad y versatilidad extraordinarias, en un equipo compacto con capacidad de expansi\u00f3n. Dise\u00f1ada para imprentas comerciales de tama\u00f1o peque\u00f1o a mediano, franquicias, imprentas de producci\u00f3n interna, transaccionales y reprogr\u00e1ficas, la serie imagePRESS C850 est\u00e1 equipada para manejar una variedad de materiales hasta Cover de 110 lb, incluyendo papel grueso, recubierto, materiales con textura y sobres en un nivel superior de confiabilidad y rendimiento.<\/p>\n<p>Con base en la exitosa plataforma de la serie imagePRESS C800, las<strong> imagePRESS C850\/C750\/C650<\/strong> les ofrecen a los usuarios incluso m\u00e1s capacidades, facilidad de uso y productividad.<\/p>\n","protected":false},"featured_media":937,"comment_status":"open","ping_status":"closed","template":"","meta":[],"product_cat":[17,46],"product_tag":[],"class_list":{"0":"post-936","1":"product","2":"type-product","3":"status-publish","4":"has-post-thumbnail","6":"product_cat-copiadoras-impresoras-plotters-gran-formato-san-luis-potosi","7":"product_cat-prensas-digitales","9":"first","10":"instock","11":"shipping-taxable","12":"product-type-simple"},"aioseo_notices":[],"_links":{"self":[{"href":"https:\/\/soluciondigitaldelbajio.com.mx\/site\/wp-json\/wp\/v2\/product\/936","targetHints":{"allow":["GET"]}}],"collection":[{"href":"https:\/\/soluciondigitaldelbajio.com.mx\/site\/wp-json\/wp\/v2\/product"}],"about":[{"href":"https:\/\/soluciondigitaldelbajio.com.mx\/site\/wp-json\/wp\/v2\/types\/product"}],"replies":[{"embeddable":true,"href":"https:\/\/soluciondigitaldelbajio.com.mx\/site\/wp-json\/wp\/v2\/comments?post=936"}],"wp:featuredmedia":[{"embeddable":true,"href":"https:\/\/soluciondigitaldelbajio.com.mx\/site\/wp-json\/wp\/v2\/media\/937"}],"wp:attachment":[{"href":"https:\/\/soluciondigitaldelbajio.com.mx\/site\/wp-json\/wp\/v2\/media?parent=936"}],"wp:term":[{"taxonomy":"product_cat","embeddable":true,"href":"https:\/\/soluciondigitaldelbajio.com.mx\/site\/wp-json\/wp\/v2\/product_cat?post=936"},{"taxonomy":"product_tag","embeddable":true,"href":"https:\/\/soluciondigitaldelbajio.com.mx\/site\/wp-json\/wp\/v2\/product_tag?post=936"}],"curies":[{"name":"wp","href":"https:\/\/api.w.org\/{rel}","templated":true}]}}