{"id":940,"date":"2019-09-04T17:32:40","date_gmt":"2019-09-04T17:32:40","guid":{"rendered":"https:\/\/soluciondigitaldelbajio.com.mx\/site\/?post_type=product&#038;p=940"},"modified":"2019-09-04T17:32:40","modified_gmt":"2019-09-04T17:32:40","slug":"kyocera-ecosys-m3660idn","status":"publish","type":"product","link":"https:\/\/soluciondigitaldelbajio.com.mx\/site\/product\/kyocera-ecosys-m3660idn\/","title":{"rendered":"Kyocera ECOSYS M3660idn"},"content":{"rendered":"<ul>\n<li>Hasta 60 p\u00e1ginas por minuto en A4 en blanco y negro<\/li>\n<li>Componentes de larga duraci\u00f3n que confieren una fiabilidad y eficiencia sin precedentes<\/li>\n<li>Dise\u00f1o compacto<\/li>\n<li>Impresi\u00f3n, copia, escaneo y fax a doble cara de serie<\/li>\n<li>Bajo consumo energ\u00e9tico<\/li>\n<li>Pantalla t\u00e1ctil a color de 7\u201d<\/li>\n<li>HyPAS\u2122, plataforma de soluciones que permiten potentes personalizaciones<\/li>\n<li>Escaneo r\u00e1pido gracias a su alimentador de documentos a doble cara de una sola pasada<\/li>\n<li>Escaneo directo en formatos MS Office o PDF texto gracias al Scan Extension Kit<\/li>\n<\/ul>\n","protected":false},"excerpt":{"rendered":"<p>Esta potente multifuncional con sus 60 ppm es perfecta para grupos de trabajo medianos y grandes. Dise\u00f1ada para poder manejar grandes trabajos de impresi\u00f3n, cuenta con un esc\u00e1ner alimentador de documentos a doble cara de una sola pasada, con capacidad para 100 originales y una velocidad de 100 ipm. Integre todos los documentos en sus flujos de trabajo gracias a la plataforma HyPAS\u2122, adem\u00e1s sus componentes de larga duraci\u00f3n, garantizan fiabilidad, buenos costes de funcionamiento y generan un bajo impacto ambiental, como es habitual en las multifuncionales de Kyocera.<\/p>\n","protected":false},"featured_media":941,"comment_status":"open","ping_status":"closed","template":"","meta":[],"product_cat":[9],"product_tag":[],"class_list":{"0":"post-940","1":"product","2":"type-product","3":"status-publish","4":"has-post-thumbnail","6":"product_cat-multifuncionales-bn","8":"first","9":"instock","10":"shipping-taxable","11":"product-type-simple"},"aioseo_notices":[],"_links":{"self":[{"href":"https:\/\/soluciondigitaldelbajio.com.mx\/site\/wp-json\/wp\/v2\/product\/940","targetHints":{"allow":["GET"]}}],"collection":[{"href":"https:\/\/soluciondigitaldelbajio.com.mx\/site\/wp-json\/wp\/v2\/product"}],"about":[{"href":"https:\/\/soluciondigitaldelbajio.com.mx\/site\/wp-json\/wp\/v2\/types\/product"}],"replies":[{"embeddable":true,"href":"https:\/\/soluciondigitaldelbajio.com.mx\/site\/wp-json\/wp\/v2\/comments?post=940"}],"wp:featuredmedia":[{"embeddable":true,"href":"https:\/\/soluciondigitaldelbajio.com.mx\/site\/wp-json\/wp\/v2\/media\/941"}],"wp:attachment":[{"href":"https:\/\/soluciondigitaldelbajio.com.mx\/site\/wp-json\/wp\/v2\/media?parent=940"}],"wp:term":[{"taxonomy":"product_cat","embeddable":true,"href":"https:\/\/soluciondigitaldelbajio.com.mx\/site\/wp-json\/wp\/v2\/product_cat?post=940"},{"taxonomy":"product_tag","embeddable":true,"href":"https:\/\/soluciondigitaldelbajio.com.mx\/site\/wp-json\/wp\/v2\/product_tag?post=940"}],"curies":[{"name":"wp","href":"https:\/\/api.w.org\/{rel}","templated":true}]}}