{"id":965,"date":"2019-09-05T15:15:40","date_gmt":"2019-09-05T15:15:40","guid":{"rendered":"https:\/\/soluciondigitaldelbajio.com.mx\/site\/?post_type=product&#038;p=965"},"modified":"2019-09-05T15:15:40","modified_gmt":"2019-09-05T15:15:40","slug":"kyocera-taskalfa-3253ci","status":"publish","type":"product","link":"https:\/\/soluciondigitaldelbajio.com.mx\/site\/product\/kyocera-taskalfa-3253ci\/","title":{"rendered":"Kyocera TASKalfa 3253ci"},"content":{"rendered":"<ul>\n<li>Hasta 32 p\u00e1ginas por minuto en A4 en B\/N y color<\/li>\n<li>Incrementa la productividad y ahorra tiempo gracias al sensor de presencia<\/li>\n<li>Alto nivel de seguridad que incluye encriptaci\u00f3n de datos, TPM (Trusted Platform Module), arranque seguro y RTIC (Run Time Integrity Check)<\/li>\n<li>Amplio manejo de papel, con formatos desde A6 hasta SRA3, para una capacidad de hasta 7.150 hojas con opciones<\/li>\n<li>Opciones de finalizado que aumentan la productividad, incluido un finalizador interno para ahorrar espacio<\/li>\n<li>Compatibilidad con las m\u00e1s novedosas tecnolog\u00edas en impresi\u00f3n m\u00f3vil<\/li>\n<li>Controlador EFI Fiery opcional para una productividad y calidad de color superiores<\/li>\n<\/ul>\n","protected":false},"excerpt":{"rendered":"<p>Con una pantalla t\u00e1ctil de 10.1 pulgadas que simplifica el manejo y lo \u00faltimo en seguridad, la nueva <strong>TASKalfa 3253ci<\/strong> es la soluci\u00f3n ideal para los requisitos documentales de la oficina. Proporcionar una impresi\u00f3n de alta calidad con colores vibrantes que junto con una amplia gama de opciones de manejo y acabado de papel, hacen que el dispositivo sea la soluci\u00f3n integral para administrar las necesidades de impresi\u00f3n, copia, escaneo e incluso env\u00edo de faxes de forma eficiente. Al contar con un motor galardonado, se garantiza la calidad y la robustez para permitir a las compa\u00f1\u00edas alcanzar nuevos niveles de productividad sin comprometer lo que m\u00e1s les importa: proteger sus datos e informaci\u00f3n de negocios<br \/>\ninvaluables.<\/p>\n","protected":false},"featured_media":966,"comment_status":"open","ping_status":"closed","template":"","meta":[],"product_cat":[7,8],"product_tag":[],"class_list":{"0":"post-965","1":"product","2":"type-product","3":"status-publish","4":"has-post-thumbnail","6":"product_cat-copiadoras-impresoras-escaners-multifuncionals-san-luis-potosi","7":"product_cat-multifuncionales-color","9":"first","10":"instock","11":"shipping-taxable","12":"product-type-simple"},"aioseo_notices":[],"_links":{"self":[{"href":"https:\/\/soluciondigitaldelbajio.com.mx\/site\/wp-json\/wp\/v2\/product\/965","targetHints":{"allow":["GET"]}}],"collection":[{"href":"https:\/\/soluciondigitaldelbajio.com.mx\/site\/wp-json\/wp\/v2\/product"}],"about":[{"href":"https:\/\/soluciondigitaldelbajio.com.mx\/site\/wp-json\/wp\/v2\/types\/product"}],"replies":[{"embeddable":true,"href":"https:\/\/soluciondigitaldelbajio.com.mx\/site\/wp-json\/wp\/v2\/comments?post=965"}],"wp:featuredmedia":[{"embeddable":true,"href":"https:\/\/soluciondigitaldelbajio.com.mx\/site\/wp-json\/wp\/v2\/media\/966"}],"wp:attachment":[{"href":"https:\/\/soluciondigitaldelbajio.com.mx\/site\/wp-json\/wp\/v2\/media?parent=965"}],"wp:term":[{"taxonomy":"product_cat","embeddable":true,"href":"https:\/\/soluciondigitaldelbajio.com.mx\/site\/wp-json\/wp\/v2\/product_cat?post=965"},{"taxonomy":"product_tag","embeddable":true,"href":"https:\/\/soluciondigitaldelbajio.com.mx\/site\/wp-json\/wp\/v2\/product_tag?post=965"}],"curies":[{"name":"wp","href":"https:\/\/api.w.org\/{rel}","templated":true}]}}