{"id":971,"date":"2019-09-05T15:34:01","date_gmt":"2019-09-05T15:34:01","guid":{"rendered":"https:\/\/soluciondigitaldelbajio.com.mx\/site\/?post_type=product&#038;p=971"},"modified":"2019-09-05T15:34:01","modified_gmt":"2019-09-05T15:34:01","slug":"kyocera-ecosys-m6235cidn","status":"publish","type":"product","link":"https:\/\/soluciondigitaldelbajio.com.mx\/site\/product\/kyocera-ecosys-m6235cidn\/","title":{"rendered":"Kyocera ECOSYS M6235cidn"},"content":{"rendered":"<ul>\n<li>Hasta 35 p\u00e1ginas por minuto en A4 color y b\/n<\/li>\n<li>Componentes de larga duraci\u00f3n que ofrecen una alta fiabilidad y eficiencia<\/li>\n<li>Dise\u00f1o compacto con m\u00faltiples funcionalidades<\/li>\n<li>Funcionalidad d\u00faplex de serie en impresi\u00f3n, copia, escaneo y fax (s\u00f3lo M6635cidn)<\/li>\n<li>Pantalla t\u00e1ctil de 7 pulgadas de f\u00e1cil uso<\/li>\n<li>Permite impresi\u00f3n m\u00f3vil incluyendo AirPrint, Mopria, KYOCERA Mobile Print<\/li>\n<li>Bajos consumos de energ\u00eda que reducen la huella medioambiental<\/li>\n<li>Escaneo a PDF texto y formato Office opcional<\/li>\n<li>Plataforma de soluciones HyPAS que permite potentes personalizaciones<\/li>\n<\/ul>\n","protected":false},"excerpt":{"rendered":"<p>El <strong>ECOSYS M6235cidn<\/strong> est\u00e1 dise\u00f1ado para grupos de trabajo peque\u00f1os y medianos, ofreci\u00e9ndoles una alta fiabilidad y velocidades de impresi\u00f3n, tanto en b\/n como en color. Gracias a su pantalla t\u00e1ctil se accede de forma simple y directa a las numerosas funciones disponibles. Asimismo, encontramos teclas dedicadas a programas y su plataforma de soluciones HyPAS que facilitar\u00e1n la optimizaci\u00f3n de sus flujos de trabajo.<\/p>\n","protected":false},"featured_media":972,"comment_status":"open","ping_status":"closed","template":"","meta":[],"product_cat":[7,8],"product_tag":[],"class_list":{"0":"post-971","1":"product","2":"type-product","3":"status-publish","4":"has-post-thumbnail","6":"product_cat-copiadoras-impresoras-escaners-multifuncionals-san-luis-potosi","7":"product_cat-multifuncionales-color","9":"first","10":"instock","11":"shipping-taxable","12":"product-type-simple"},"aioseo_notices":[],"_links":{"self":[{"href":"https:\/\/soluciondigitaldelbajio.com.mx\/site\/wp-json\/wp\/v2\/product\/971","targetHints":{"allow":["GET"]}}],"collection":[{"href":"https:\/\/soluciondigitaldelbajio.com.mx\/site\/wp-json\/wp\/v2\/product"}],"about":[{"href":"https:\/\/soluciondigitaldelbajio.com.mx\/site\/wp-json\/wp\/v2\/types\/product"}],"replies":[{"embeddable":true,"href":"https:\/\/soluciondigitaldelbajio.com.mx\/site\/wp-json\/wp\/v2\/comments?post=971"}],"wp:featuredmedia":[{"embeddable":true,"href":"https:\/\/soluciondigitaldelbajio.com.mx\/site\/wp-json\/wp\/v2\/media\/972"}],"wp:attachment":[{"href":"https:\/\/soluciondigitaldelbajio.com.mx\/site\/wp-json\/wp\/v2\/media?parent=971"}],"wp:term":[{"taxonomy":"product_cat","embeddable":true,"href":"https:\/\/soluciondigitaldelbajio.com.mx\/site\/wp-json\/wp\/v2\/product_cat?post=971"},{"taxonomy":"product_tag","embeddable":true,"href":"https:\/\/soluciondigitaldelbajio.com.mx\/site\/wp-json\/wp\/v2\/product_tag?post=971"}],"curies":[{"name":"wp","href":"https:\/\/api.w.org\/{rel}","templated":true}]}}